11001101110100100010011100
In base 3, what is -2110012201111102 - 11?
-2110012201111120
In base 9, what is -331846 + 1380?
-330456
In base 3, what is -2210211210 - 100111112?
-10011100022
In base 16, what is 2 - 94b9d8?
-94b9d6
In base 16, what is 13a31 - 414?
1361d
In base 4, what is 22002311112 - -10?
22002311122
In base 7, what is 20121556354 - -3?
20121556360
In base 4, what is -30112 - -120123012?
120032300
In base 2, what is -1 + 100110100101000010111110?
100110100101000010111101
In base 4, what is 11032 + -31130031?
-31112333
In base 2, what is -101111111110100100000011101 + 11?
-101111111110100100000011010
In base 11, what is -1788a48 + -4?
-1788a51
In base 14, what is 417 + -30d3?
-2aba
In base 5, what is 3 - 1221323304?
-1221323301
In base 7, what is -10060150 - -2?
-10060145
In base 14, what is d05353 - -1?
d05354
In base 14, what is -34 + 17ac3?
17a8d
In base 7, what is -506046 - -153?
-505563
In base 12, what is -ba + -14985a5?
-14986a3
In base 9, what is 637008722 - 1?
637008721
In base 13, what is 2 - -b126b4?
b126b6
In base 8, what is 4 - 610363260?
-610363254
In base 12, what is -41000 + -5?
-41005
In base 7, what is 6034 - 1440555?
-1431521
In base 6, what is -2320113 - 31332?
-2351445
In base 2, what is -1010001000 + 1001111110111111?
1001110100110111
In base 4, what is -10111111203013 - -1?
-10111111203012
In base 12, what is 5 - 6104387?
-6104382
In base 10, what is -249319 - -128?
-249191
In base 15, what is 415 + e9dd?
ee03
In base 7, what is 1001 - 104505?
-103504
In base 6, what is 122 - -1311122131?
1311122253
In base 6, what is -3015 - -452042?
445023
In base 13, what is 13134bcb - 3?
13134bc8
In base 5, what is -10 + 42040444120?
42040444110
In base 7, what is -10541503 - -11?
-10541462
In base 8, what is 146275503 - 0?
146275503
In base 4, what is -303110023000 + 3?
-303110022331
In base 10, what is -465990 - 104?
-466094
In base 14, what is -56ba - 12b8?
-6994
In base 14, what is 133104 + -309?
132bd9
In base 12, what is 1523 - 1142?
3a1
In base 15, what is -e70 - -9d0?
-490
In base 13, what is -3809552 + -13?
-3809565
In base 5, what is -103100310 - -11100?
-103034210
In base 9, what is -8 + 2444165?
2444156
In base 10, what is 2134778 - 172?
2134606
In base 12, what is -36a996 + -313?
-36b0a9
In base 11, what is 8608 + -3a4?
8214
In base 11, what is -129 - 357?
-485
In base 8, what is -15522176 + 23?
-15522153
In base 7, what is 242541146 - 5?
242541141
In base 7, what is 21 - 31205523?
-31205502
In base 16, what is 21799 + -6ba?
210df
In base 8, what is 216010 + 4114?
222124
In base 10, what is -24 - 319583?
-319607
In base 11, what is 662 - 31115?
-30563
In base 12, what is -2770298 - -b?
-2770289
In base 7, what is 2 - -324126435?
324126440
In base 7, what is 215134 + 515?
215652
In base 16, what is -12ed - -20a6?
db9
In base 5, what is -2 + -1201100022233?
-1201100022240
In base 6, what is -4 + -120541504?
-120541512
In base 9, what is 206337515 + 21?
206337536
In base 15, what is 9941a8b + 0?
9941a8b
In base 4, what is -30130313231 + -21?
-30130313312
In base 16, what is 834b - 785?
7bc6
In base 15, what is -12 + -5d1c12?
-5d1c24
In base 4, what is 20313 - -10230300?
10311213
In base 6, what is 105004 + 15415?
124423
In base 13, what is 4a95 + 153?
4c18
In base 14, what is -a + -72a5b?
-72a67
In base 2, what is -10000110 + 11001110111110101010?
11001110111100100100
In base 15, what is -14 - 45ba9?
-45bbd
In base 15, what is 8414d48 - -1?
8414d49
In base 6, what is -2144040501 + 12?
-2144040445
In base 8, what is 0 + -20170341?
-20170341
In base 3, what is 2010222000 + -1111002?
2002110221
In base 14, what is 1520 + -1db?
1323
In base 5, what is -3121444212 - 1411?
-3122001123
In base 11, what is 0 + 54074396?
54074396
In base 8, what is -16602376 - -33?
-16602343
In base 4, what is -2033130323 - 1110?
-2033132033
In base 8, what is 707473027 + 4?
707473033
In base 13, what is 6151 + 18aa?
7a2b
In base 2, what is 10110010000 + -10111111001011?
-10101000111011
In base 3, what is 0 + 10000200121011110?
10000200121011110
In base 3, what is -11 + -1120121121001?
-1120121121012
In base 12, what is 193a3 + -4?
1939b
In base 8, what is 242 - -123625?
124067
In base 12, what is 3040b5a - -28?
3040b86
In base 13, what is 174c40a70 - 1?
174c40a6c
In base 4, what is -111 + 2010321?
2010210
In base 15, what is -c0 + 17b7d?
17aad
In base 4, what is 122033102112003 - -1?
122033102112010
In base 9, what is -24537 - 20828?
-45466
In base 14, what is -45c6122 + 1?
-45c6121
In base 9, what is -143 + 1045854?
1045711
In base 12, what is -40567 + -14?
-4057b
In base 7, what is -23402636 + -15?
-23402654
In base 9, what is -130 + -3867677?
-3867817
In base 11, what is 8 + -3435a2?
-343595
In base 14, what is -4db05 - -ab9?
-4d02a
In base 4, what is 301 - -130112010?
130112311
In base 4, what is 3132 + -222001220?
-221332022
In base 16, what is -1 - -1174ec7?
1174ec6
In base 7, what is 1410030 - 25?
1410002
In base 15, what is 4d38617d + -3?
4d38617a
In base 11, what is -1a - 262252?
-262271
In base 16, what is 10d2409 - -7?
10d2410
In base 15, what is 1e - 164b?
-162c
In base 11, what is 1 + 25695528?
25695529
In base 7, what is 105 - 6142262?
-6142154
In base 4, what is 103 + -121302021203?
-121302021100
In base 11, what is 2262a269 - 1?
2262a268
In base 16, what is -5cf - 5acdc?
-5b2ab
In base 12, what is -2 + -23a07493?
-23a07495
In base 9, what is 601542061 - -3?
601542064
In base 4, what is 1210223 + 211010?
2021233
In base 7, what is 2 + -1253433365?
-1253433363
In base 11, what is -4256584 + 4?
-4256580
In base 6, what is 40225513 + 5?
40225522
In base 3, what is -102002111020201 - 0?
-102002111020201
In base 14, what is -592da + 1ad?
-5912b
In base 4, what is -223302021 + -1101?
-223303122
In base 6, what is 3141305 + -210?
3141055
In base 6, what is -53 + -4345535?
-4350032
In base 10, what is 26465911 + -4?
26465907
In base 8, what is 6726744 + -31?
6726713
In base 15, what is 296 - 56c0e?
-56968
In base 4, what is 1 + -1232322033220?
-1232322033213
In base 13, what is -56aaa4 - -20?
-56aa84
In base 12, what is -34464 - 706?
-34b6a
In base 16, what is 9232 - -b2f?
9d61
In base 9, what is -4040 - 2078?
-6128
In base 4, what is -1030301110000 + 103?
-1030301103231
In base 7, what is 111610232 - 3?
111610226
In base 6, what is -540221551 - 4?
-540221555
In base 3, what is -12101110 - -11001020?
-1100020
In base 7, what is 1214 + 1046463?
1051010
In base 12, what is -1 - 16385131?
-16385132
In base 5, what is 1140102 - 233?
1134314
In base 8, what is 331145402 - 3?
331145377
In base 4, what is 10 - 122123333?
-122123323
In base 13, what is -4 + -61c862?
-61c866
In base 16, what is -fe55efc + -5?
-fe55f01
In base 15, what is -19e067e - b?
-19e068a
In base 12, what is 46 + -48202?
-48178
In base 12, what is -920a1627 + -3?
-920a162a
In base 13, what is -1a0a471b - -5?
-1a0a4716
In base 11, what is -8a308 + -991?
-90199
In base 11, what is -1348a - -6a29?
-7561
In base 11, what is -392 + -30a?
-6a1
In base 14, what is 222324 + 4d?
222373
In base 7, what is -345166654 - 1?
-345166655
In base 7, what is -3430 + -2551504?
-2555234
In base 6, what is -1355 - 5013232?
-5015031
In base 2, what is -1100000001111001 - 100000011?
-1100000101111100
In base 3, what is -1 - -122111221101222102?
122111221101222101
In base 8, what is -1031 + -2060345?
-2061376
In base 10, what is 2480 - 881?
1599
In base 8, what is 74 - -1023136?
1023232
In base 10, what is -147219 + 30?
-147189
In base 11, what is 1212 - -174aa?
18711
In base 3, what is 1122122212 - 20221202?
1101201010
In base 13, what is 1 - -35c7a69?
35c7a6a
In base 11, what is -846828a + 4?
-8468286
In base 6, what is 5232253 + -411?
5231442
In base 5, what is -2211233232 - 20?
-2211233302
In base 5, what is 310242100 + -3?
310242042
In base 11, what is -39 - a45734?
-a45772
In base 12, what is -27b703 - 5?
-27b708
In base 4, what is -3 + 20312011322232?
20312011322223
In base 14, what is 4 - 46bc7a0?
-46bc79a
In base 4, what is -1113210100 + 11?
-1113210023
In base 8, what is 71 + 170426?
170517
In base 7, what is 22 - -146125?
146150
In base 15, what is -cd4 + 7bee?
6e1a
In base 4, what is 1032 - 2032123?
-2031031
In base 4, what is 23 + -312333122303?
-312333122220
In base 7, 